{"id":856,"date":"2024-11-08T17:43:16","date_gmt":"2024-11-08T17:43:16","guid":{"rendered":"https:\/\/asoallentsteig.ac.at\/?page_id=856"},"modified":"2024-11-08T18:34:15","modified_gmt":"2024-11-08T18:34:15","slug":"impressum-datenschutz","status":"publish","type":"page","link":"https:\/\/asoallentsteig.ac.at\/?page_id=856","title":{"rendered":"Impressum &amp; Datenschutz"},"content":{"rendered":"\t\t<div data-elementor-type=\"wp-page\" data-elementor-id=\"856\" class=\"elementor elementor-856\">\n\t\t\t\t<div class=\"elementor-element elementor-element-a21ef34 e-flex e-con-boxed e-con e-parent\" data-id=\"a21ef34\" data-element_type=\"container\" data-e-type=\"container\">\n\t\t\t\t\t<div class=\"e-con-inner\">\n\t\t\t\t<div class=\"elementor-element elementor-element-e21b938 elementor-widget elementor-widget-heading\" data-id=\"e21b938\" data-element_type=\"widget\" data-e-type=\"widget\" data-widget_type=\"heading.default\">\n\t\t\t\t<div class=\"elementor-widget-container\">\n\t\t\t\t\t<h1 class=\"elementor-heading-title elementor-size-default\">Impressum<\/h1>\t\t\t\t<\/div>\n\t\t\t\t<\/div>\n\t\t\t\t\t<\/div>\n\t\t\t\t<\/div>\n\t\t<div class=\"elementor-element elementor-element-3e0d18b e-flex e-con-boxed e-con e-parent\" data-id=\"3e0d18b\" data-element_type=\"container\" data-e-type=\"container\">\n\t\t\t\t\t<div class=\"e-con-inner\">\n\t\t\t\t<div class=\"elementor-element elementor-element-b6acd67 elementor-widget elementor-widget-text-editor\" data-id=\"b6acd67\" data-element_type=\"widget\" data-e-type=\"widget\" data-widget_type=\"text-editor.default\">\n\t\t\t\t<div class=\"elementor-widget-container\">\n\t\t\t\t\t\t\t\t\t<div class=\"col-12 mt-3 mb-2\"><h4 class=\"title is-4 mb-2\">ASO Allentsteig<\/h4><p>Schulstra\u00dfe 1, 3804 Allentsteig<\/p><p>E-Mail: s325013@schulenoe.at<br \/>Tel: XXX<br \/>Fax: XXX<br \/>Schulkennzahl: 325013<\/p><\/div><div class=\"col-12 mt-3\"><h3>Direktion<\/h3><p>Katharina Kittler<br \/>E-Mail: katharina.kittler@bildung.gv.at XXX<\/p><\/div><div class=\"col-12 mt-3\"><h4 class=\"title is-4 mb-2\">Blattlinie<\/h4><p>Diese Homepage enth\u00e4lt Informationen \u00fcber die Schule, wie z.B. Lehrerteam, Schwerpunktsetzung, Projekte, Aktivit\u00e4ten. Die Nutzung der Homepage ist unentgeltlich.<\/p><\/div><div class=\"col-12 mt-3\"><h4 class=\"title is-4 mb-2\">Urheberrecht<\/h4><p>Das Layout und die Gestaltung des Angebots sowie die einzelnen Elemente (Logos, Fotos, etc.) sind ebenso wie die redaktionellen Beitr\u00e4ge im Einzelnen sowie in ihrer Auswahl und Zusammenstellung urheberrechtlich gesch\u00fctzt. Jegliche Nutzung, Verwertung, Bearbeitung und Ver\u00e4nderung &#8211; au\u00dferhalb allf\u00e4lliger freier Werknutzungen &#8211; ist nur mit Zustimmung der Seitenurheberin bzw. des Seitenurhebers zul\u00e4ssig. S\u00e4mtliche Urheberrechtsverst\u00f6\u00dfe werden zivil- bzw. allenfalls strafrechtlich verfolgt.<\/p><\/div><div class=\"col-12 mt-3\"><h4 class=\"title is-4 mb-2\">Barrierefreiheit<\/h4><p>Diese Website dient ausschlie\u00dflich der Darstellung des Angebots der Schule. Wir sind bem\u00fcht diese Website technisch und redaktionell m\u00f6glichst barrierefrei zu gestalten. Sollten Sie dennoch Barrieren finden, k\u00f6nnen Sie diese melden und somit helfen, dieses Webservice weiter zu verbessern.<\/p><\/div><div class=\"col-12 mt-3\"><h4 class=\"title is-4 mb-2\">Haftung, Verweise und Links<\/h4><p>Die ver\u00f6ffentlichten Inhalte sind sorgf\u00e4ltig recherchiert und programmiert. Dennoch kann keine Gew\u00e4hr f\u00fcr die Richtigkeit und Vollst\u00e4ndigkeit \u00fcbernommen werden. Alle Angaben erfolgen ohne Gew\u00e4hr. Eine Haftung f\u00fcr allf\u00e4llige Sch\u00e4den, die sich aus den ver\u00f6ffentlichten Inhalten ergeben, ist ausgeschlossen.<\/p><p>Die Autoren erkl\u00e4ren ausdr\u00fccklich, dass zum Zeitpunkt der Linksetzung die entsprechenden verlinkten Seiten frei von illegalen Inhalten waren. Auf die aktuelle und zuk\u00fcnftige Gestaltung sowie auf die Inhalte der gelinkten\/verkn\u00fcpften Seiten haben die Autoren keinen Einfluss. Deshalb distanzieren sie sich ausdr\u00fccklich von Inhalten aller gelinkten\/verkn\u00fcpften Seiten, die nach der Linksetzung ver\u00e4ndert wurden und \u00fcbernehmen daf\u00fcr keine Verantwortung. F\u00fcr illegale, fehlerhafte oder unvollst\u00e4ndige Inhalte und insbesondere f\u00fcr Sch\u00e4den, die aus der Nutzung oder Nichtnutzung solcherart dargebotener Informationen entstehen, haftet allein die Anbieterin bzw. der Anbieter der Seite, auf welche verwiesen wurde, nicht diejenige bzw. derjenige, die bzw. der \u00fcber Links auf die jeweilige Ver\u00f6ffentlichung lediglich verweist.<\/p><\/div>\t\t\t\t\t\t\t\t<\/div>\n\t\t\t\t<\/div>\n\t\t\t\t\t<\/div>\n\t\t\t\t<\/div>\n\t\t<div class=\"elementor-element elementor-element-a8515b2 e-flex e-con-boxed e-con e-parent\" data-id=\"a8515b2\" data-element_type=\"container\" data-e-type=\"container\">\n\t\t\t\t\t<div class=\"e-con-inner\">\n\t\t\t\t<div class=\"elementor-element elementor-element-0fff204 elementor-widget-divider--view-line elementor-widget elementor-widget-divider\" data-id=\"0fff204\" data-element_type=\"widget\" data-e-type=\"widget\" data-widget_type=\"divider.default\">\n\t\t\t\t<div class=\"elementor-widget-container\">\n\t\t\t\t\t\t\t<div class=\"elementor-divider\">\n\t\t\t<span class=\"elementor-divider-separator\">\n\t\t\t\t\t\t<\/span>\n\t\t<\/div>\n\t\t\t\t\t\t<\/div>\n\t\t\t\t<\/div>\n\t\t\t\t\t<\/div>\n\t\t\t\t<\/div>\n\t\t<div class=\"elementor-element elementor-element-03c3ef1 e-flex e-con-boxed e-con e-parent\" data-id=\"03c3ef1\" data-element_type=\"container\" data-e-type=\"container\">\n\t\t\t\t\t<div class=\"e-con-inner\">\n\t\t\t\t<div class=\"elementor-element elementor-element-fc95077 elementor-widget elementor-widget-heading\" data-id=\"fc95077\" data-element_type=\"widget\" data-e-type=\"widget\" data-widget_type=\"heading.default\">\n\t\t\t\t<div class=\"elementor-widget-container\">\n\t\t\t\t\t<h1 class=\"elementor-heading-title elementor-size-default\">Datenschutz<\/h1>\t\t\t\t<\/div>\n\t\t\t\t<\/div>\n\t\t\t\t\t<\/div>\n\t\t\t\t<\/div>\n\t\t<div class=\"elementor-element elementor-element-4237e6d e-flex e-con-boxed e-con e-parent\" data-id=\"4237e6d\" data-element_type=\"container\" data-e-type=\"container\">\n\t\t\t\t\t<div class=\"e-con-inner\">\n\t\t\t\t<div class=\"elementor-element elementor-element-7c226f2 elementor-widget elementor-widget-text-editor\" data-id=\"7c226f2\" data-element_type=\"widget\" data-e-type=\"widget\" data-widget_type=\"text-editor.default\">\n\t\t\t\t<div class=\"elementor-widget-container\">\n\t\t\t\t\t\t\t\t\t<p>XXX<\/p>\t\t\t\t\t\t\t\t<\/div>\n\t\t\t\t<\/div>\n\t\t\t\t\t<\/div>\n\t\t\t\t<\/div>\n\t\t\t\t<\/div>\n\t\t","protected":false},"excerpt":{"rendered":"<p>Impressum ASO Allentsteig Schulstra\u00dfe 1, 3804 Allentsteig E-Mail: s325013@schulenoe.atTel: XXXFax: XXXSchulkennzahl: 325013 Direktion Katharina KittlerE-Mail: katharina.kittler@bildung.gv.at XXX Blattlinie Diese Homepage enth\u00e4lt Informationen \u00fcber die Schule, wie z.B. Lehrerteam, Schwerpunktsetzung, Projekte, Aktivit\u00e4ten. Die Nutzung der Homepage ist unentgeltlich. Urheberrecht Das Layout und die Gestaltung des Angebots sowie die einzelnen Elemente (Logos, Fotos, etc.) sind ebenso wie [&hellip;]<\/p>\n","protected":false},"author":1,"featured_media":0,"parent":0,"menu_order":0,"comment_status":"closed","ping_status":"closed","template":"","meta":{"ocean_post_layout":"","ocean_both_sidebars_style":"","ocean_both_sidebars_content_width":0,"ocean_both_sidebars_sidebars_width":0,"ocean_sidebar":"","ocean_second_sidebar":"","ocean_disable_margins":"enable","ocean_add_body_class":"","ocean_shortcode_before_top_bar":"","ocean_shortcode_after_top_bar":"","ocean_shortcode_before_header":"","ocean_shortcode_after_header":"","ocean_has_shortcode":"","ocean_shortcode_after_title":"","ocean_shortcode_before_footer_widgets":"","ocean_shortcode_after_footer_widgets":"","ocean_shortcode_before_footer_bottom":"","ocean_shortcode_after_footer_bottom":"","ocean_display_top_bar":"default","ocean_display_header":"default","ocean_header_style":"","ocean_center_header_left_menu":"","ocean_custom_header_template":"","ocean_custom_logo":0,"ocean_custom_retina_logo":0,"ocean_custom_logo_max_width":0,"ocean_custom_logo_tablet_max_width":0,"ocean_custom_logo_mobile_max_width":0,"ocean_custom_logo_max_height":0,"ocean_custom_logo_tablet_max_height":0,"ocean_custom_logo_mobile_max_height":0,"ocean_header_custom_menu":"","ocean_menu_typo_font_family":"","ocean_menu_typo_font_subset":"","ocean_menu_typo_font_size":0,"ocean_menu_typo_font_size_tablet":0,"ocean_menu_typo_font_size_mobile":0,"ocean_menu_typo_font_size_unit":"px","ocean_menu_typo_font_weight":"","ocean_menu_typo_font_weight_tablet":"","ocean_menu_typo_font_weight_mobile":"","ocean_menu_typo_transform":"","ocean_menu_typo_transform_tablet":"","ocean_menu_typo_transform_mobile":"","ocean_menu_typo_line_height":0,"ocean_menu_typo_line_height_tablet":0,"ocean_menu_typo_line_height_mobile":0,"ocean_menu_typo_line_height_unit":"","ocean_menu_typo_spacing":0,"ocean_menu_typo_spacing_tablet":0,"ocean_menu_typo_spacing_mobile":0,"ocean_menu_typo_spacing_unit":"","ocean_menu_link_color":"","ocean_menu_link_color_hover":"","ocean_menu_link_color_active":"","ocean_menu_link_background":"","ocean_menu_link_hover_background":"","ocean_menu_link_active_background":"","ocean_menu_social_links_bg":"","ocean_menu_social_hover_links_bg":"","ocean_menu_social_links_color":"","ocean_menu_social_hover_links_color":"","ocean_disable_title":"default","ocean_disable_heading":"default","ocean_post_title":"","ocean_post_subheading":"","ocean_post_title_style":"","ocean_post_title_background_color":"","ocean_post_title_background":0,"ocean_post_title_bg_image_position":"","ocean_post_title_bg_image_attachment":"","ocean_post_title_bg_image_repeat":"","ocean_post_title_bg_image_size":"","ocean_post_title_height":0,"ocean_post_title_bg_overlay":0.5,"ocean_post_title_bg_overlay_color":"","ocean_disable_breadcrumbs":"default","ocean_breadcrumbs_color":"","ocean_breadcrumbs_separator_color":"","ocean_breadcrumbs_links_color":"","ocean_breadcrumbs_links_hover_color":"","ocean_display_footer_widgets":"default","ocean_display_footer_bottom":"default","ocean_custom_footer_template":"","footnotes":""},"class_list":["post-856","page","type-page","status-publish","hentry","entry"],"_links":{"self":[{"href":"https:\/\/asoallentsteig.ac.at\/index.php?rest_route=\/wp\/v2\/pages\/856","targetHints":{"allow":["GET"]}}],"collection":[{"href":"https:\/\/asoallentsteig.ac.at\/index.php?rest_route=\/wp\/v2\/pages"}],"about":[{"href":"https:\/\/asoallentsteig.ac.at\/index.php?rest_route=\/wp\/v2\/types\/page"}],"author":[{"embeddable":true,"href":"https:\/\/asoallentsteig.ac.at\/index.php?rest_route=\/wp\/v2\/users\/1"}],"replies":[{"embeddable":true,"href":"https:\/\/asoallentsteig.ac.at\/index.php?rest_route=%2Fwp%2Fv2%2Fcomments&post=856"}],"version-history":[{"count":10,"href":"https:\/\/asoallentsteig.ac.at\/index.php?rest_route=\/wp\/v2\/pages\/856\/revisions"}],"predecessor-version":[{"id":937,"href":"https:\/\/asoallentsteig.ac.at\/index.php?rest_route=\/wp\/v2\/pages\/856\/revisions\/937"}],"wp:attachment":[{"href":"https:\/\/asoallentsteig.ac.at\/index.php?rest_route=%2Fwp%2Fv2%2Fmedia&parent=856"}],"curies":[{"name":"wp","href":"https:\/\/api.w.org\/{rel}","templated":true}]}}